- g(m). Let l = 4 + -10. Calculate f(l).
-11
Let o be (-3 - -6)*(1 + 0). Let b(i) = 4*i + 0 - 4 + o - 15*i. Let k(q) = q**2 + 4*q - 1. Let u be k(-4). Give b(u).
10
Let x(z) = z**3 - 2*z. Let n(j) = 2*j + 32. Let p be n(-16). Let h be 1*(3 + (p - 1)). Give x(h).
4
Let f(h) = 372 - 758 - 25*h + 387 + 5*h**2. Determine f(5).
1
Suppose -94*i = -75*i + 114. Let u(x) be the third derivative of x**5/60 + x**4/6 - 7*x**3/6 - 2*x**2. What is u(i)?
5
Suppose 0 = -b + 7*b. Let q(f) = 2*f - 3*f + 1 + b. What is q(-5)?
6
Let g(q) = -q**3 + 3*q**2 + 7*q - 5. Let r = -110 + 193. Let j = 87 - r. Calculate g(j).
7
Let o(w) = -w - 5. Let d be o(-8). Let n be 3 + 6*(-2)/d. Let r(f) be the first derivative of -f**3/3 - f**2/2 - 94. What is r(n)?
0
Let g(j) = -j**3 - 6*j**2 - 3*j - 12. Suppose 38 = -7*k - 4. Calculate g(k).
6
Let n(j) = 227 - 112 - 118 + j**2 + 8*j. Calculate n(-9).
6
Let g = 30 + -28. Let m(u) = 0 + u**g - 3*u**2 - 7*u + 4*u**2 + 4. Calculate m(4).
8
Let a(i) = -8*i**2 + 4*i**3 - 3*i**3 + 3*i**2 - 1. Suppose -3*p - 4*r + 10 = -1, -2*r = p - 3. Determine a(p).
-1
Let q(k) = -k - 1. Let z(m) = 6*m + 17. Let h(n) = -5*q(n) - z(n). Let l(g) = -11*g**3 + 2*g - 1. Let v be l(1). Calculate h(v).
-2
Let b(j) = -j**2 - 2*j - 1. Let c be b(4). Let n = -31 - c. Let i(s) = s**2 + 5*s - 4. Give i(n).
2
Let l(p) = p**2 - p + 2. Let t(y) = y**3 - 14*y**2 + 9*y - 5. Let s(k) = -6*l(k) - t(k). Determine s(7).
21
Let i = 407/3 + -133. Let a(y) be the first derivative of i*y**3 - 6*y + 5/2*y**2 - 6 + 1/4*y**4. Determine a(-7).
8
Suppose 7*i - 70 = 2*i. Let t be 2*(-2 + i/4). Let q(r) = -2*r. Calculate q(t).
-6
Let w(n) = 7*n**3 + 9*n**2 + 3*n - 12. Let o(j) = 12*j**3 + 17*j**2 + 7*j - 20. Let c(g) = 3*o(g) - 5*w(g). Let f = -1 + -5. Let x = f + 1. Determine c(x).
-5
Let n(o) = -5 - 8501*o**3 - 2*o**2 + 6*o**2 + 8*o + 8500*o**3. Let f(s) = s. Let k be f(-3). Let x be 6 - (-3 + 0)/k. Calculate n(x).
10
Let u(t) = 5 + 3*t - 4 - 3 + 5. Suppose 3*h - 3*b - b + 2 = 0, 7 = -h - 5*b. What is u(h)?
-3
Let o(f) be the second derivative of f**4/12 - 10*f. What is o(-1)?
1
Let r(x) = -11*x. Let c(s) = 9*s. Let j(o) = -5*c(o) - 4*r(o). Let g be (-6)/(-57) + 97/(-19). Determine j(g).
5
Suppose -7 = -6*q + 5. Let f(c) = 5 - 5*c**q - 5 + c - 1 + 0*c. What is f(2)?
-19
Suppose 21 = -b + 3*z - 7*z, -23 = -2*b + 5*z. Let f(m) = -9*m**3 + m. Determine f(b).
8
Suppose -10*n = -5*n. Let f(x) be the third derivative of 0*x - 5/24*x**4 - 1/2*x**3 - 1/60*x**5 + n - 2*x**2. Calculate f(-4).
1
Let q(y) = 6 - 23 + 2*y - 7*y + 6*y - 8. Determine q(11).
-14
Suppose -f = 9*m - 12*m + 19, f = 2. Let l(p) = p**3 - 7*p**2 + 9. Calculate l(m).
9
Let d(k) = k**3 + 7*k**2 + 7*k + 4. Let t = 60 - 66. Calculate d(t).
-2
Let o(m) = -83*m + 14*m**2 + 3*m**2 + 85*m - 1. Give o(1).
18
Suppose -25 = -5*d, -8*d + 3*d = -3*p - 46. Let y(m) be the first derivative of m**2/2 + 4*m + 8. Calculate y(p).
-3
Let m(k) be the first derivative of k**2/2 + 8*k - 219. Calculate m(-2).
6
Let j(u) = 12517*u**2 - 2 + 4 + u**3 - 12522*u**2 - 8*u. Determine j(6).
-10
Let m(y) = 140*y - 4. Let p(b) = b - 1. Let o(q) = -m(q) + 4*p(q). Let u(v) = 21*v. Let s(x) = -5*o(x) - 32*u(x). What is s(-1)?
-8
Let f(j) = j - 4. Suppose 4*z + 80 = -16. Let m be 32/z*3/(-2). Let x be -7*(m + 32/(-14)). Calculate f(x).
-2
Suppose -a + 20 = 3*a - 2*z, 5*a - 39 = -z. Let s(p) = -2*p - 4. Calculate s(a).
-18
Let u(m) = -m**2 + 3*m. Let i be (-1)/((-4)/9) - (-12)/16. What is u(i)?
0
Let i(l) = 2*l + 42. Let c be i(-18). Let q(a) = -c*a + 3*a + 2*a. Determine q(-5).
5
Let k be ((-4)/(-6))/(1/3). Let z(t) = -14 + 3*t - 5*t + 4*t**k + 16 + 0*t. Calculate z(2).
14
Let s(n) = -n**3 + 7*n**2 - 7*n + 6. Suppose 20*i - i - 114 = 0. Determine s(i).
0
Let a(y) = 0*y - y - y - 1. Suppose 3*l - 11 = -4*i, 3*i - 23 = l - 5. Let z be -3 + 9/3 - l. Calculate a(z).
-7
Suppose -7*y + 23 = -19. Let o(z) = -y*z + 6*z + z + 15 + 0*z. Give o(0).
15
Let a be (-1190)/(-12) + 2/(-12). Suppose -a*l + 94*l - 20 = 0. Let g(k) = k**3 + 6*k**2 + 6*k + 4. Determine g(l).
12
Let n(x) be the second derivative of -x**7/2520 - x**6/60 - x**5/15 - 9*x**4/4 + 12*x. Let o(i) be the third derivative of n(i). Calculate o(-11).
3
Suppose -3*t + 16 = 5*b, -117*t + b + 8 = -112*t. Let d(u) = -21*u + 6. Calculate d(t).
-36
Let p(x) = -8 - 2*x**2 - x**2 + 6 + 0 + x**3. Let j(m) = m**3 - 13*m**2 + m - 9. Let n be j(13). What is p(n)?
14
Let z(r) = 21*r**3 - r**2 + r + 1. Suppose -2*u + 4*i + 9 = -9, -19 = 4*u + 3*i. Calculate z(u).
-22
Let h(d) = -d**3 - 6*d**2 + 7*d + 6. Let g be 1/(21/(-5) + 4). Suppose 0*f - 4*f - 12 = -2*v, -5*f = -3*v + 16. Let w = g + f. Give h(w).
6
Suppose -4*r - 22 = r - z, 14 = -5*r - 3*z. Let v(j) be the first derivative of -j**2/2 + j + 2. Determine v(r).
5
Let u(d) = 20*d - 70. Let x be u(4). Let k(c) = -x*c - 6 + 6*c - 1 + 7*c. Let l(r) = 2*r**2 + 5*r + 3. Let h be l(-3). What is k(h)?
11
Let q(m) = -m**2 - 3*m + 42. Let b be q(-8). Let x(o) = -2*o**3 + 3*o**2 - 2*o. What is x(b)?
-8
Let j(s) be the third derivative of s**5/60 - 5*s**3/6 + 4*s**2. Suppose 10*w = 6*w + 8. Let a = -6 + w. Calculate j(a).
11
Let y(p) = 6 - 3 + 1 - 6*p - 3*p**2 + p**3. Let h be (-14*18/(-315))/(1/5). Give y(h).
-4
Let f(o) = -2*o + 2. Let p(a) = a**2 - 9*a + 18. Let h(c) = 2*c**3 - c**2 + 3*c - 2. Let l be h(1). Let d be p(l). Determine f(d).
-6
Let b(n) = 2*n + 4. Suppose -2*l = 7*l - 63. Let k = l - 13. Give b(k).
-8
Suppose 0 = 17*p - 48*p - 186. Let q(j) be the second derivative of j**4/12 + 7*j**3/6 + j**2 + 3*j. Calculate q(p).
-4
Suppose 0 = -5*q - 5, 4*p + 6 + 10 = 4*q. Let n(b) = -b**2 - 5*b - 2. Give n(p).
-2
Let l(y) = -2*y + 1 + 0*y + 4*y. Let s(h) = 2*h**3 + 50*h**2 - 98*h + 268. Let z be s(-27). What is l(z)?
-3
Let w(r) be the first derivative of 7*r**4/4 - r**2/2 + r - 29. What is w(1)?
7
Let j(t) = -t**3 - 5*t**2 - 4*t + 6. Let o be j(-5). Let m be 2/(-6) - o/(-6). Suppose -5*x = 2*r - 7*r + 10, -5*r + 7 = -m*x. Let f(q) = -q. Calculate f(x).
3
Suppose -24 = 4*l + 4*a, 479*l - 484*l - 4*a - 30 = 0. Let h(z) = -11*z + 9. Determine h(l).
75
Suppose -2*v + 105 = 5*l + 3*v, -l + 6 = 4*v. Suppose -4*n - 5*j + 3*j = -l, 4*n = -j + 27. Let o(s) = -s**3 + 8*s**2 - 7*s - 9. Give o(n).
-9
Let g(n) = -3*n**3 - 2*n**2 - 3*n - 1 - 3*n**3 + 4*n**3. Let u be ((24/10)/3)/(8/20). Suppose -m + u = -5*p - 5, 4*p + 4*m = -20. Give g(p).
13
Let v(q) be the second derivative of q**3/6 + 9*q**2/2 + 18*q. Calculate v(6).
15
Let a(w) = w - 2. Let g = 43 - 27. Suppose -5*n = -99 - 1. Let y = n - g. Calculate a(y).
2
Let c(d) = -d + 12. Let j be c(6). Suppose 2*r = -j*r - 4*r. Let l(i) = -i**2 - i - 4. What is l(r)?
-4
Let z(i) = -i**3 - 7*i**2 - i. Let l(s) = -6*s + 221. Let u be l(38). What is z(u)?
7
Let h(r) = -66*r + 409. Let g be h(6). Let f(i) = -i**3 + 13*i**2 - i - 4. Give f(g).
-17
Suppose -5*l + 5*o = 35, 4*l + 0 + 13 = -o. Let v(d) = 8 + 3*d**2 - 3 - 1 - 4*d**2 + d. What is v(l)?
-16
Let w(y) = -y**2 + 6*y - 7. Let g(i) be the third derivative of i**6/60 - 13*i**5/60 + i**4/4 + 5*i**3/6 + 4*i**2. Let o be g(6). Give w(o).
-2
Let o(h) = -h**2 - h + 32. Let f be o(0). Suppose p = -p + f. Let w(b) = -9 + p - b - 5*b + b**2. Determine w(5).
2
Let f(n) = -n**3 + 0*n**2 - 375*n - 2*n**2 + 191*n + 183*n - 3*n**2 - 5. Give f(-5).
0
Let g(k) = -7*k**2 - 7*k - 7. Let c(n) = 9*n**2 + 7*n + 8. Let v(y) = -3*c(y) - 4*g(y). What is v(-3)?
-8
Let m(j) be the first derivative of 0*j - 1/2*j**2 - 39. Calculate m(6).
-6
Let y(c) = c**2 + 18*c + 24. Suppose -g - 3*z = -7*z + 17, 85 = -5*g - 5*z. Determine y(g).
7
Let i(y) be the first derivative of y**4/4 + 7*y**3/3 + 9*y**2/2 + y - 7. Let j = -22 + 16. Determine i(j).
-17
Let x = -1111 - -1122. Let d(g) = -g**3 + 10*g**2 + 9*g + 3. Calculate d(x).
-19
Let q(t) = t**3 + 6*t**2 + 3. Let u(x) be the first derivative of -x**4/4 - 5*x**3/3 - 5*x - 4. Let f be u(-5). Let h = -11 - f. Give q(h).
3
Let g(y) = 8*y + 7 - 2*y - y**3 + 0*y**3 - 4*y**2. Let b be -9 - -17 - (4 + -1). Let t be ((-15)/6)/(b/10). Give g(t).
2
Let o = -36 - -38. Suppose -o*k + 83 = 91. Let w(f) = -f**2 - 4*f - 2. Give w(k).
-2
Let d(o) = -11*o + 248. Let s be d(22). Let z(t) = -t**3 + 5*t**2 + 7*t + 7. What is z(s)?
13
Let k(f) = -7*f - 6 + 7*f**2 - f**2 - 7*f**2. What is k(